28 is divided by 34.
25
What is the remainder when 56 is divided by 31 - ((-12)/15)/(1/(-5))?
2
Let n = 17 + -1. Let i = 0 - -1. Let t = n + i. Calculate the remainder when t is divided by 7.
3
Suppose t + 5*q = -3*t + 101, 73 = 3*t + q. Let a(z) = -14*z + 4. Calculate the remainder when a(-3) is divided by t.
22
Suppose 0 = -2*u + 20 + 56. Suppose -3*w = -23 - 10. Calculate the remainder when u is divided by w.
5
Let i be 2/(-3)*(-12)/8. Suppose z - 3 = i. Calculate the remainder when z is divided by 2.
0
Let f be 5/20 + 42/(-8). Let s(t) = -14*t + 2. Calculate the remainder when s(f) is divided by (1/2)/((-1)/(-50)).
22
Let l = 2055 - 2029. Calculate the remainder when 165 is divided by l.
9
Calculate the remainder when 47 is divided by (3/5*14)/(88/220).
5
Let v be 8 + -4 - 2 - -2. Suppose -5*i = 4*r - 64, -2*r + v*i = -i - 2. Calculate the remainder when r is divided by 4.
3
Let u = 438 + -420. What is the remainder when 375 is divided by u?
15
What is the remainder when (102 - 0)*(-12)/(-8) is divided by 50?
3
Suppose b + 3*b - 20 = 0. Suppose j + 2 = 0, -4 = -0*o + 3*o + 2*j. Let r(f) = -f**3 - f + 9. What is the remainder when r(o) is divided by b?
4
Let w = 178 + -157. Suppose 0*f = 2*f - 78. What is the remainder when f is divided by w?
18
Suppose 0 = 32*l + 7*l - 2028. Calculate the remainder when l is divided by 14.
10
Suppose -x = -2*y - 38, y - 59 = -4*x + 120. Calculate the remainder when x is divided by 24.
20
Suppose 0 = 5*h - 30 + 5. Suppose v - h = -n, -5*n + 0*v + 3*v + 9 = 0. What is the remainder when 2/(-8) - (-29)/4 is divided by n?
1
Let p = 189 + 37. What is the remainder when p is divided by 38?
36
Let u = -136 + 407. What is the remainder when u is divided by 39?
37
Let i(j) = -3*j + 2. Let w be i(-1). Suppose 2*k = w*k - 276. What is the remainder when k is divided by 31?
30
Let i(z) = 1 + z**2 - z - 2*z + 3*z**2. Let m be i(3). Let h = m + -21. What is the remainder when h is divided by 2?
1
Suppose -2*p + 0*p = 10, 4*p + 63 = a. Suppose 6*r = -1 + a. What is the remainder when 13 is divided by r?
6
Suppose -o + 12 = o - 5*j, 2*j = 0. What is the remainder when ((-20)/o - 0)*252/(-56) is divided by 8?
7
Let u(w) = 2*w**3 - 2*w**2 - w + 88. What is the remainder when u(0) is divided by 15?
13
Let y(v) = 3*v - 15. Let p be y(7). Let a = 9 + p. Calculate the remainder when 26 is divided by a.
11
Let p(h) = h**3 - 4*h**2 - 2*h - 3. Suppose -2*x + 43 - 29 = 0. Calculate the remainder when p(5) is divided by x.
5
Suppose 1944 = 19*a - 222. Calculate the remainder when a is divided by 34.
12
Let l = 855 + -814. Calculate the remainder when 234 is divided by l.
29
Suppose -g = 2*m - 6*g - 219, 0 = -5*m + 3*g + 557. Suppose -8*p - 91 = -21*p. What is the remainder when (-32)/m + 100/p is divided by 4?
2
What is the remainder when 109 is divided by 20/(-30)*-3*(-74)/(-4)?
35
Suppose 4*y - 5*v = 54, 4 = -2*y - v + 24. What is the remainder when 17 is divided by y?
6
Suppose -4*c - 13 + 73 = 0. Calculate the remainder when 12/(-126)*-14*(-258)/(-8) is divided by c.
13
Let t(r) = 48*r - 9. What is the remainder when t(3) is divided by 74?
61
Suppose -50 = -j - 5. Suppose 338*o + 3*r = 343*o - 657, 3 = 3*r. What is the remainder when o is divided by j?
42
Let h(l) = -27*l + 607. Calculate the remainder when h(10) is divided by 31.
27
Suppose 0 = -4*y + b + 14038 - 5161, -y - 4*b + 2198 = 0. Calculate the remainder when y is divided by 111.
109
Let r(f) = f**3 + 9*f**2 - f + 12. Calculate the remainder when 3*9/6*18 is divided by r(-9).
18
Let p = 39 + 83. Calculate the remainder when p is divided by 50.
22
What is the remainder when 143 is divided by (116/(-145))/((-4)/190)?
29
Let o = 18 + -5. What is the remainder when 259 is divided by o?
12
Suppose 11*s - 15*s - 4 = 0. Let r(t) = -106*t**3 - t - 1. What is the remainder when r(s) is divided by 36?
34
Suppose 0 = -6*z + 2*z + 8. Suppose -3*u - z = -50. What is the remainder when 27 is divided by u?
11
Let z = -53 + 91. Let s = -28 + z. Calculate the remainder when 28 is divided by s.
8
Suppose 4*a + 10 - 26 = 0. Suppose 2*d + 324 = 6*d. Suppose -a*m + d = -m. Calculate the remainder when m is divided by 10.
7
Suppose h + 75 = 3*v - 4, -3*h + 49 = 2*v. What is the remainder when 57 is divided by v?
5
Let w = 0 + -10. Suppose f - 6 - 15 = 0. What is the remainder when f is divided by (-30)/9*18/w?
3
Let v = 0 + 9. Suppose 16 = v*o - 7*o. Suppose -4*q + 8 + 0 = 0, 4*h - 3*q - 82 = 0. Calculate the remainder when h is divided by o.
6
Let n = -136 - -223. Calculate the remainder when n is divided by 11.
10
Let o(m) = m**3 + 4*m**2 + 2*m - 2. Suppose -6*b = -3*b - 9. Let q = 8 - -9. What is the remainder when o(b) is divided by q?
16
Suppose 2*x - 5 - 11 = 0. Calculate the remainder when (3/(-5))/(238/30 - x) is divided by 6.
3
Suppose 289 = 3*z + 5*a - 88, 3*a - 488 = -4*z. Suppose 5*l + 4*m - z = 0, 0 = 2*l - 5*l - 2*m + 71. Calculate the remainder when l is divided by 5.
3
Suppose 0*d + 80 = 2*d. Let t be 4/(-10) - (-576)/d. Suppose 5*k - 27 = -0*i - 2*i, -i + t = 3*k. Calculate the remainder when 52 is divided by i.
8
Let g(w) = -w**2 - 4*w - 5. Suppose 35 = -6*r + r. Let p be g(r). Let z = 60 + p. What is the remainder when z is divided by 12?
10
Let o = 20 - -122. What is the remainder when o is divided by 43?
13
Suppose 3*r + 2*g = 15, -3*g + 10 = 3*r - 2. Suppose 3*q - r = -1. Suppose 5*t = q*t + 171. Calculate the remainder when t is divided by 30.
27
Suppose -8*l + 10 = -h - 9*l, -2*l = 3*h + 28. Calculate the remainder when -13*(0 - (h - -4)*-1) is divided by 8.
4
Let q = 366 + -320. What is the remainder when 130 is divided by q?
38
Suppose 0 = 4*t - w + 259, -w - 71 = -0*t + t. Calculate the remainder when (-4740)/t - 8/(-44) is divided by 37.
35
Suppose 3*j - 309 = -f, -26*f - 624 = -28*f - 4*j. Calculate the remainder when f is divided by 29.
28
Suppose 3*z - 11 = -c, c - z - 1 = z. Calculate the remainder when 149 is divided by c.
4
Let w be 27*((-4)/3 + 1). Let z = w + 53. Let u(a) = -a**2 - 12*a + 5. What is the remainder when z is divided by u(-11)?
12
Suppose r - 2*r = 2*m - 26, 0 = -5*m - 4*r + 68. Suppose -9*u = -40 - 473. Calculate the remainder when u is divided by m.
9
Let g be 48/15 - (-1 + 18/15). Suppose g*h = -6*h + 1035. Calculate the remainder when h is divided by 20.
15
Suppose 2*k = 18 - 106. Let b be (-1)/3 - k/6. What is the remainder when (-16)/56 - (-520)/b is divided by 25?
24
Let m = 428 - 198. Suppose -4*i - 3*z + 6*z + 504 = 0, -4*z = 2*i - m. What is the remainder when i is divided by 42?
39
Suppose -432 = -4*u + 56. What is the remainder when u is divided by 18?
14
Let u = 1421 + -1395. What is the remainder when 72 is divided by u?
20
Suppose 2*n = 3*n - 177. Suppose 43*g - 300 = 33*g. Calculate the remainder when n is divided by g.
27
Let y = -85 - -93. Calculate the remainder when y/(12/18*(-2)/(-8)) is divided by 17.
14
Let u(l) = 8*l**2 - 11*l + 5. What is the remainder when u(-3) is divided by 28?
26
Suppose -q = 5*i + 46 - 272, 3*q = -5*i + 658. What is the remainder when q is divided by 112?
104
Let t = -233 + 237. Calculate the remainder when 7 is divided by t.
3
What is the remainder when ((-1464)/(-10))/((-274)/(-685)) is divided by 37?
33
Suppose -4*b = q - 24, -4*q + 0*b - 4*b = -48. Suppose z + 14 = -0*z. Let u = 27 + z. What is the remainder when u is divided by q?
5
Suppose -3*d = -16 + 214. Let m be ((-12)/16)/(1/12). Calculate the remainder when 30 is divided by (d/m)/((-8)/(-12)).
8
Suppose -3*a - 2*o - 120 = -4*a, 4*o - 350 = -3*a. What is the remainder when a is divided by 26?
14
Suppose -3*o = 4*c - 10, -3 = -4*o + 3*c + 2. Let y(a) = -a**3 + 9*a**2 - 11*a + 26. Calculate the remainder when y(8) is divided by o.
0
Let d(w) = 55*w - 7. Let c = -80 + 82. What is the remainder when d(c) is divided by 27?
22
Let q(m) = 51*m**2 + 29*m + 3. Calculate the remainder when q(3) is divided by 92.
89
Suppose -5*k + 3*c + 24 = -26, k = 5*c + 10. Calculate the remainder when 2187 is divided by k.
7
Let k = 1019 + -767. What is the remainder when k is divided by 17?
14
Suppose p = 3*p - 4. Suppose 249 = -p*r - 79. Let c = r - -231. Calculate the remainder when c is divided by 17.
16
Suppose 3 - 16 = -a. Suppose m + a = 5*b, 7*b